4/24 - h**3 - 17*h**2. What is u(5)?
-1
Let j(s) = 5*s**2 + 18*s + 11. Let i(q) = -11*q**2 - 38*q - 23. Let y(t) = 4*i(t) + 9*j(t). Calculate y(-9).
-2
Let t be (-1 - -1)/(-1)*1. Suppose t = -0*u - u + 2. Suppose 6*i = 4*i - u*p - 14, 4*p - 7 = 3*i. Let g(c) = -c**3 - 5*c**2 - 2*c - 5. What is g(i)?
5
Let s(h) = -4*h + 2. Let l be 2/(-7) + 363/(-77). Determine s(l).
22
Let j(m) = m**3 - m**2 + m**2 - 2*m**2 + 5*m**2 + 4. Determine j(-4).
-12
Suppose 0 = -0*p + 2*p - 8. Let b(d) = -4 - 3*d + 5 - 2 + 3. Let c(k) = -k. Let t(x) = p*c(x) - b(x). What is t(-5)?
3
Let g be 3 - 7/((-28)/(-24)). Let d be (22/(-33))/((-2)/g). Let a(p) = 1 - p + 2*p**2 + 4*p + p**3 - p. Give a(d).
0
Let j(z) = -z**2 - 5*z - 8. Let l = -144 - -138. What is j(l)?
-14
Let p(i) = 4 + 4*i**2 + 0*i + i + 3*i + 3*i**3 - 4*i**3. Determine p(5).
-1
Let w(n) = -n + 3. Suppose -g - 3*k - 3 + 1 = 0, 2*k + 8 = 0. Suppose a - 2*v - 15 = 0, 0 = -5*a - 5*v + 2*v + g. Give w(a).
-2
Let p(r) be the second derivative of 0*r**2 - 2*r + 1/360*r**6 + 0*r**5 - 1/6*r**4 - 1/3*r**3 + 0. Let x(j) be the second derivative of p(j). Give x(-3).
5
Let p = 1 - 5. Let n(v) be the second derivative of v**4/24 - v**3/3 + 3*v**2/2 - 2*v. Let f(a) be the first derivative of n(a). What is f(p)?
-6
Let q(y) = -5*y**3 + 5*y**2 + 5*y + 6. Let o(w) = -14*w**3 + 14*w**2 + 14*w + 18. Let h(c) = -4*o(c) + 11*q(c). Determine h(0).
-6
Suppose 0 = 4*f - 19 - 1. Let k(c) = -3*c**2 + c**2 + f + 6*c**2 - c - c**3 + 5*c. Give k(5).
0
Let d(z) = -z**2 + 5*z - 1. Suppose -48 = 3*s - 11*s. What is d(s)?
-7
Let f be ((-4)/(-10))/((-1)/(-5)). Let x(u) = -u - 1 + f*u - 1. Let p be (-1 + 1)/5*(-1 + 2). Give x(p).
-2
Let z(q) be the second derivative of -q**5/30 + q**3/2 + q. Let k(c) be the second derivative of z(c). Give k(-1).
4
Let n(z) be the first derivative of -z**3/3 + 3*z**2/2 - 2*z + 5. Calculate n(2).
0
Let b(n) = -n**3 - 6*n**2 + 3*n + 6. Let j(h) = -2*h**3 - 5*h**2 + 2*h + 5. Let f(p) = 3*b(p) - 2*j(p). Give f(7).
-6
Let y(c) be the second derivative of -c**3/6 + c**2/2 - 4*c. Let h(s) = -s + 4. Let b be h(2). Calculate y(b).
-1
Suppose -5*y = -3*y - 6. Let s(f) be the third derivative of -f**y + 0*f + 0 - f**2 + 1/12*f**4. Calculate s(4).
2
Let a(s) = -s**2 - 5*s + 2. Suppose -3*x = 12, -4*d + d + 5*x + 11 = 0. Suppose -5*r - 6 = -2*r. Let c = r + d. Calculate a(c).
2
Let o be 9/(-15)*(-1 - 4). Let u(s) = -s**2 + s - 3. Give u(o).
-9
Let a(w) = w**2 + 7*w - 6. Let s(t) = t**2 + 6*t - 5. Let v(r) = 6*a(r) - 7*s(r). Determine v(3).
-10
Let s(h) = 3 - h + 0*h + 6*h. Let x be 4/(-14) + (-184)/(-56). Suppose -d - x*d + 2 = -m, 4*m + d + 8 = 0. Give s(m).
-7
Let t(k) = k**2 - 7*k + 2. Let d be 0 - (9 - (-1 + 4)). Let f be ((-10)/(-4))/((-3)/d). What is t(f)?
-8
Let c be 4/38 - (-12)/(-114). Let w(v) = -v**2 - v - 2. Calculate w(c).
-2
Let j(r) = r + 6. Let u = 2 + 0. Suppose 2*m + 3*y + 28 = 3, u*y = -4*m - 30. Calculate j(m).
1
Let o be ((-4)/20)/(2/(-70)). Let r(k) = -k**2 + 8*k - 8. Determine r(o).
-1
Suppose -12 = 4*a, 0 = -b + 3*a + 1 + 7. Suppose p - 20 = -3*p. Let q(l) = -3*l**2 + 2*l**2 - 1 + p*l**2. What is q(b)?
3
Let v(k) be the first derivative of -k**4/12 + k**3/3 + 3*k**2/2 - k - 7. Let z(c) be the first derivative of v(c). What is z(5)?
-12
Let v(s) be the third derivative of -1/60*s**5 + 1/24*s**4 + 0*s - 3*s**2 + 0 + 1/2*s**3. Let f = -17 + 21. Give v(f).
-9
Suppose -17 = -5*x + 3. Let a(b) = -x*b + 3*b + 2*b. Calculate a(5).
5
Suppose 5*c + 15 = 5*w + 4*c, -c = 4*w - 21. Let u(i) be the first derivative of -7/2*i**2 - 1/3*i**3 - i - w. Determine u(-5).
9
Suppose 12*l - 10*l + 12 = 0. Let i(f) = -f**3 - 7*f**2 - 6*f - 4. Determine i(l).
-4
Suppose -7*g - 54 = -16*g. Let m(p) = p**2 - 5*p - 4. Calculate m(g).
2
Let d(w) = w - 4. Let a = -14 + 4. Let l = 7 + a. What is d(l)?
-7
Let v(p) = p**2 + 7*p + 5. Let k(z) = z**3 - 5*z**2 - 9*z + 14. Let o be (2/(-4))/(1/(-12)). Let i be k(o). Give v(i).
-7
Suppose -4*d + 5*d = -14. Let q = 16 + d. Let c(s) = -s**3 - 2*s + 3. Give c(q).
-9
Let y(a) be the first derivative of -5/3*a**3 + 2*a - a**2 + 1/4*a**4 - 2. What is y(5)?
-8
Let r(v) = -3*v + 9. Let p(a) = -a**3 + 5*a**2 - 3*a + 4. Let h be p(4). Determine r(h).
-15
Let s(b) = b**2 - 17*b - 16. Let z be s(18). Let l(m) = 3*m - 2. What is l(z)?
4
Suppose r = -3*r + 2*w + 26, 6 = 2*w. Let q be (-46)/r - 18/(-24). Let g(b) = b**2 + 5*b - 4. What is g(q)?
-4
Let c(j) = 3*j - 3. Let z be ((-1)/(-3))/(4/12). Let v(k) = 4*k. Let r be v(z). What is c(r)?
9
Let o(f) = -15*f**3 + 2*f**2 + 11*f - 43. Let v(r) = -7*r**3 + r**2 + 5*r - 21. Let w(y) = 6*o(y) - 13*v(y). Give w(0).
15
Let v(s) = s**2 - s - 11. Let i = 36 - 36. Determine v(i).
-11
Let w(g) = 15*g - 9*g + 0*g + g**2 + 2. Give w(-6).
2
Suppose 0 = -4*b + 4 + 16, 9 = 4*r + 5*b. Let k(l) be the first derivative of -l**3/3 - 3*l**2/2 - 5*l + 6. Determine k(r).
-9
Let l(d) = -d + 1. Suppose 2*i - 37 = 3*i. Let g be i/(-7) - 2/7. Let f be (-3 - 1)*(-5)/g. Calculate l(f).
-3
Let p be 3 - (4 - -2) - -1. Let w(b) = 2*b**2 - 4*b - 3. Calculate w(p).
13
Let h(k) = -4 + 8 - 2*k - 6*k**2 - 6*k**2 - 5. Calculate h(-1).
-11
Let x(v) be the first derivative of v**2 - 4*v - 15. Give x(4).
4
Let z(l) = -2*l. Let p be z(-2). Let m(g) = 3 - p*g**3 + g**2 + g**3 + 4*g**3 - 3*g. Let v(c) = -c**2 + 4*c - 3. Let b be v(4). Determine m(b).
-6
Let j(n) be the second derivative of n**4/12 + 2*n**3/3 - 2*n**2 + n. Suppose 38 = -3*g - 3*c + 2*c, -5*g - 52 = -4*c. Let h = -17 - g. Determine j(h).
1
Let k(x) = -x - 16. Let v be k(-9). Let f(y) = -y. Give f(v).
7
Let t(w) = w - 9. Let h be 1 - (-17 + 4) - -2. Suppose -3*o = 3*k - 12, -2*o = -4*k - 3*o + h. Determine t(k).
-5
Let u(s) = 542 + 0*s - 540 - 5*s. Give u(3).
-13
Let h(r) = -10*r - 1. Let w be (-1 + 2)/(2 + 25/(-10)). Calculate h(w).
19
Let m = 7 - 5. Let r = m + -2. Suppose -3*n + 3 = r, s + 0*s - n = 2. Let o(z) = -z**2 + 3*z - 2. Give o(s).
-2
Suppose 0 = -5*n - 3*s + 14, 4*n - 20 = -0*s + 2*s. Suppose -4*o - 52 = 6*l - n*l, -o + l - 19 = 0. Let v = o - -10. Let k(z) = -z + 1. Determine k(v).
6
Let u be 12*(-8)/(-12)*3/24. Let g(z) be the first derivative of 1/3*z**3 - 6*z + 5/2*z**2 - u. Calculate g(-5).
-6
Let o(t) be the first derivative of -t**3/3 + 4*t - 24. What is o(-3)?
-5
Let a(y) = -1 - 2*y**2 - 3*y**3 + 2*y**3 - y**2 + y**2. Let k = 9 - 6. Suppose -k = 2*g + 3. Calculate a(g).
8
Suppose -4*t + 5*k = 15, 0*t + t + 12 = 4*k. Let q(j) = -j + 11. Determine q(t).
11
Let l(b) be the third derivative of -3*b**2 + 1/120*b**6 + 0*b + 2/3*b**3 + 0*b**4 + 1/20*b**5 + 0. Give l(-3).
4
Let n(z) = 4*z**2 + 5*z + 1. Suppose -4*p - 3*v - 2*v + 7 = 0, -5*p - 2*v = 4. Let x(l) = -3*l**2 - 4*l. Let d(b) = p*n(b) - 3*x(b). Give d(-3).
1
Let k(a) = a. Let r = -7 + -4. Let z = r - -6. Let f be ((-4)/5)/((-1)/z). Give k(f).
-4
Let f(g) = -g - 3*g**2 - 5*g**2 - 2*g**2 - 2*g**2. Let j be (35/(-10) + 4)*2. Determine f(j).
-13
Let v(s) = -2*s - 1. Let w be ((-2)/4)/(7*1/42). Give v(w).
5
Let i(h) = -18*h**2 - 2. Let m(p) = -17*p**2 - 1. Let v(z) = 2*i(z) - 3*m(z). Calculate v(-1).
14
Let x(s) = s**3 - s**2 + s + 11. Suppose 0 = -u - 5*f - 7, 2*f + 1 = -u. Let z be 1/1 - (u - 5). Suppose 2*n + 2*l = -z*n - 10, -5 = -2*n + l. Calculate x(n).
11
Let h(c) = -c**3 - 5*c**2 - 3*c + 1. Suppose 1 = -4*t + 13. Suppose n + 3*n + 14 = -2*u, t*n = 2*u. What is h(u)?
-8
Let n(m) be the third derivative of m**6/120 + 2*m**5/15 + m**4/3 + m**3/3 + 7*m**2. Determine n(-7).
-5
Let j(v) = v**3 - 3*v**2 - 3*v + 5. Suppose -o = -19*n + 20*n - 9, 2*n = 2*o + 2. Determine j(o).
9
Let s = 14 - 8. Let b be 4/s - (-76)/(-6). Let a = b + 8. Let t(d) = d**2 + 2*d - 2. Give t(a).
6
Let o = 0 + -5. Let z be -9*((-6)/9)/2. Let m(q) = q + 0*q + z*q - 3*q + 1. Calculate m(o).
-4
Let o(u) = -u**3 + 2*u**2 - 3*u + 1. Let x(j) = j**2 - 12*j + 18. Let y be x(12). Let h = 20 - y. Calculate o(h).
-5
Let z = 24 - 29. Let l(m) be the first derivative of m**5/120 + 7*m**4/24 + m**3/3 - 1. Let c(v) be the third derivative of l(v). What is c(z)?
2
Let z(p) = -8*p**2 - 29*p - 2. Let f(o) = -3*o**2 - 10*o - 1. Let u(m) = 11*f(m) - 4*z(m). Let c = 7 + -2. What is u(c)?
2
Let x(u) = 31*u - 62*u + 33*u + 1. Determine x(2).
5
Let x(i) = -2*i + 5*i + 5 + 3*i**2 - i**2. Let d(w) = w**2 + 1.